{"id":76,"date":"2018-07-05T14:20:17","date_gmt":"2018-07-05T12:20:17","guid":{"rendered":"http:\/\/www.le-capri.fr\/test\/?page_id=76"},"modified":"2020-11-20T16:17:21","modified_gmt":"2020-11-20T15:17:21","slug":"events","status":"publish","type":"page","link":"https:\/\/www.le-capri.fr\/?page_id=76","title":{"rendered":"CONTACT"},"content":{"rendered":"\t\t<div data-elementor-type=\"wp-post\" data-elementor-id=\"76\" class=\"elementor elementor-76\" data-elementor-post-type=\"page\">\n\t\t\t\t\t\t<section class=\"elementor-section elementor-top-section elementor-element elementor-element-3fdc3fd8 elementor-section-boxed elementor-section-height-default elementor-section-height-default\" data-id=\"3fdc3fd8\" data-element_type=\"section\" data-e-type=\"section\">\n\t\t\t\t\t\t<div class=\"elementor-container elementor-column-gap-default\">\n\t\t\t\t\t<div class=\"elementor-column elementor-col-100 elementor-top-column elementor-element elementor-element-50193fbe\" data-id=\"50193fbe\" data-element_type=\"column\" data-e-type=\"column\">\n\t\t\t<div class=\"elementor-widget-wrap elementor-element-populated\">\n\t\t\t\t\t\t<div class=\"elementor-element elementor-element-136d2d13 elementor-widget elementor-widget-text-editor\" data-id=\"136d2d13\" data-element_type=\"widget\" data-e-type=\"widget\" data-widget_type=\"text-editor.default\">\n\t\t\t\t<div class=\"elementor-widget-container\">\n\t\t\t\t\t\t\t\t\t<h2><span style=\"color: #800000;\">Coordonn\u00e9es<\/span><\/h2><h3><span style=\"color: #800000;\"><strong>Le Capri<\/strong><\/span><\/h3><p style=\"text-align: left;\">9 Route De Saint James<br \/>35300 Foug\u00e8res<\/p><p style=\"text-align: left;\"><strong>T\u00e9l\u00a0\u00a0\u00a0:<\/strong>\u00a0\u00a002 99 94 22 10<\/p>\t\t\t\t\t\t\t\t<\/div>\n\t\t\t\t<\/div>\n\t\t\t\t\t<\/div>\n\t\t<\/div>\n\t\t\t\t\t<\/div>\n\t\t<\/section>\n\t\t\t\t<section class=\"elementor-section elementor-top-section elementor-element elementor-element-794938b elementor-section-boxed elementor-section-height-default elementor-section-height-default\" data-id=\"794938b\" data-element_type=\"section\" data-e-type=\"section\">\n\t\t\t\t\t\t<div class=\"elementor-container elementor-column-gap-default\">\n\t\t\t\t\t<div class=\"elementor-column elementor-col-100 elementor-top-column elementor-element elementor-element-d4009d7\" data-id=\"d4009d7\" data-element_type=\"column\" data-e-type=\"column\">\n\t\t\t<div class=\"elementor-widget-wrap elementor-element-populated\">\n\t\t\t\t\t\t<div class=\"elementor-element elementor-element-818a2e6 elementor-widget elementor-widget-text-editor\" data-id=\"818a2e6\" data-element_type=\"widget\" data-e-type=\"widget\" data-widget_type=\"text-editor.default\">\n\t\t\t\t<div class=\"elementor-widget-container\">\n\t\t\t\t\t\t\t\t\t<iframe src=\"https:\/\/www.google.com\/maps\/embed?pb=!1m14!1m8!1m3!1d26894.94548554985!2d-1.209608!3d48.363665!3m2!1i1024!2i768!4f13.1!3m3!1m2!1s0x4809379774850597%3A0x4ca0a3ff7a9f3b3a!2s9+Route+de+Saint-James%2C+35300+Foug%C3%A8res%2C+France!5e1!3m2!1sfr!2sus!4v1531935373307\" width=\"100%\" height=\"350\" frameborder=\"0\" style=\"border:0\" allowfullscreen><\/iframe>\t\t\t\t\t\t\t\t<\/div>\n\t\t\t\t<\/div>\n\t\t\t\t\t<\/div>\n\t\t<\/div>\n\t\t\t\t\t<\/div>\n\t\t<\/section>\n\t\t\t\t<section class=\"elementor-section elementor-top-section elementor-element elementor-element-f8c80f7 elementor-hidden-desktop elementor-hidden-tablet elementor-hidden-phone elementor-section-boxed elementor-section-height-default elementor-section-height-default\" data-id=\"f8c80f7\" data-element_type=\"section\" data-e-type=\"section\">\n\t\t\t\t\t\t<div class=\"elementor-container elementor-column-gap-default\">\n\t\t\t\t\t<div class=\"elementor-column elementor-col-100 elementor-top-column elementor-element elementor-element-89dc509\" data-id=\"89dc509\" data-element_type=\"column\" data-e-type=\"column\">\n\t\t\t<div class=\"elementor-widget-wrap elementor-element-populated\">\n\t\t\t\t\t\t<div class=\"elementor-element elementor-element-e204235 elementor-widget elementor-widget-text-editor\" data-id=\"e204235\" data-element_type=\"widget\" data-e-type=\"widget\" data-widget_type=\"text-editor.default\">\n\t\t\t\t<div class=\"elementor-widget-container\">\n\t\t\t\t\t\t\t\t\t<h2><span style=\"color: #800000;\">Formulaire de contact<\/span><\/h2>\n\n[contact-form-7 id=\u00a0\u00bb32&Prime; title=\u00a0\u00bbContact form 1&Prime;]\t\t\t\t\t\t\t\t<\/div>\n\t\t\t\t<\/div>\n\t\t\t\t\t<\/div>\n\t\t<\/div>\n\t\t\t\t\t<\/div>\n\t\t<\/section>\n\t\t\t\t<\/div>\n\t\t","protected":false},"excerpt":{"rendered":"<p>Coordonn\u00e9es Le Capri 9 Route De Saint James35300 Foug\u00e8res T\u00e9l\u00a0\u00a0\u00a0:\u00a0\u00a002 99 94 22 10 Formulaire de contact [contact-form-7 id=\u00a0\u00bb32&Prime; title=\u00a0\u00bbContact form 1&Prime;]\n","protected":false},"author":2,"featured_media":0,"parent":0,"menu_order":0,"comment_status":"closed","ping_status":"closed","template":"","meta":{"footnotes":""},"class_list":["post-76","page","type-page","status-publish","hentry"],"yoast_head":"<!-- This site is optimized with the Yoast SEO plugin v27.5 - https:\/\/yoast.com\/product\/yoast-seo-wordpress\/ -->\n<title>CONTACT - Le capri<\/title>\n<meta name=\"robots\" content=\"index, follow, max-snippet:-1, max-image-preview:large, max-video-preview:-1\" \/>\n<link rel=\"canonical\" href=\"https:\/\/www.le-capri.fr\/?page_id=76\" \/>\n<meta property=\"og:locale\" content=\"fr_FR\" \/>\n<meta property=\"og:type\" content=\"article\" \/>\n<meta property=\"og:title\" content=\"CONTACT - Le capri\" \/>\n<meta property=\"og:description\" content=\"Coordonn\u00e9es Le Capri 9 Route De Saint James35300 Foug\u00e8res T\u00e9l\u00a0\u00a0\u00a0:\u00a0\u00a002 99 94 22 10 Formulaire de contact [contact-form-7 id=\u00a0\u00bb32&Prime; title=\u00a0\u00bbContact form 1&Prime;]\" \/>\n<meta property=\"og:url\" content=\"https:\/\/www.le-capri.fr\/?page_id=76\" \/>\n<meta property=\"og:site_name\" content=\"Le capri\" \/>\n<meta property=\"article:modified_time\" content=\"2020-11-20T15:17:21+00:00\" \/>\n<meta name=\"twitter:card\" content=\"summary_large_image\" \/>\n<script type=\"application\/ld+json\" class=\"yoast-schema-graph\">{\"@context\":\"https:\\\/\\\/schema.org\",\"@graph\":[{\"@type\":\"WebPage\",\"@id\":\"https:\\\/\\\/www.le-capri.fr\\\/?page_id=76\",\"url\":\"https:\\\/\\\/www.le-capri.fr\\\/?page_id=76\",\"name\":\"CONTACT - Le capri\",\"isPartOf\":{\"@id\":\"https:\\\/\\\/www.le-capri.fr\\\/#website\"},\"datePublished\":\"2018-07-05T12:20:17+00:00\",\"dateModified\":\"2020-11-20T15:17:21+00:00\",\"breadcrumb\":{\"@id\":\"https:\\\/\\\/www.le-capri.fr\\\/?page_id=76#breadcrumb\"},\"inLanguage\":\"fr-FR\",\"potentialAction\":[{\"@type\":\"ReadAction\",\"target\":[\"https:\\\/\\\/www.le-capri.fr\\\/?page_id=76\"]}]},{\"@type\":\"BreadcrumbList\",\"@id\":\"https:\\\/\\\/www.le-capri.fr\\\/?page_id=76#breadcrumb\",\"itemListElement\":[{\"@type\":\"ListItem\",\"position\":1,\"name\":\"Accueil\",\"item\":\"https:\\\/\\\/www.le-capri.fr\\\/\"},{\"@type\":\"ListItem\",\"position\":2,\"name\":\"CONTACT\"}]},{\"@type\":\"WebSite\",\"@id\":\"https:\\\/\\\/www.le-capri.fr\\\/#website\",\"url\":\"https:\\\/\\\/www.le-capri.fr\\\/\",\"name\":\"Le capri\",\"description\":\"Restaurant pizzeria \u00e0 Foug\u00e8res\",\"potentialAction\":[{\"@type\":\"SearchAction\",\"target\":{\"@type\":\"EntryPoint\",\"urlTemplate\":\"https:\\\/\\\/www.le-capri.fr\\\/?s={search_term_string}\"},\"query-input\":{\"@type\":\"PropertyValueSpecification\",\"valueRequired\":true,\"valueName\":\"search_term_string\"}}],\"inLanguage\":\"fr-FR\"}]}<\/script>\n<!-- \/ Yoast SEO plugin. -->","yoast_head_json":{"title":"CONTACT - Le capri","robots":{"index":"index","follow":"follow","max-snippet":"max-snippet:-1","max-image-preview":"max-image-preview:large","max-video-preview":"max-video-preview:-1"},"canonical":"https:\/\/www.le-capri.fr\/?page_id=76","og_locale":"fr_FR","og_type":"article","og_title":"CONTACT - Le capri","og_description":"Coordonn\u00e9es Le Capri 9 Route De Saint James35300 Foug\u00e8res T\u00e9l\u00a0\u00a0\u00a0:\u00a0\u00a002 99 94 22 10 Formulaire de contact [contact-form-7 id=\u00a0\u00bb32&Prime; title=\u00a0\u00bbContact form 1&Prime;]","og_url":"https:\/\/www.le-capri.fr\/?page_id=76","og_site_name":"Le capri","article_modified_time":"2020-11-20T15:17:21+00:00","twitter_card":"summary_large_image","schema":{"@context":"https:\/\/schema.org","@graph":[{"@type":"WebPage","@id":"https:\/\/www.le-capri.fr\/?page_id=76","url":"https:\/\/www.le-capri.fr\/?page_id=76","name":"CONTACT - Le capri","isPartOf":{"@id":"https:\/\/www.le-capri.fr\/#website"},"datePublished":"2018-07-05T12:20:17+00:00","dateModified":"2020-11-20T15:17:21+00:00","breadcrumb":{"@id":"https:\/\/www.le-capri.fr\/?page_id=76#breadcrumb"},"inLanguage":"fr-FR","potentialAction":[{"@type":"ReadAction","target":["https:\/\/www.le-capri.fr\/?page_id=76"]}]},{"@type":"BreadcrumbList","@id":"https:\/\/www.le-capri.fr\/?page_id=76#breadcrumb","itemListElement":[{"@type":"ListItem","position":1,"name":"Accueil","item":"https:\/\/www.le-capri.fr\/"},{"@type":"ListItem","position":2,"name":"CONTACT"}]},{"@type":"WebSite","@id":"https:\/\/www.le-capri.fr\/#website","url":"https:\/\/www.le-capri.fr\/","name":"Le capri","description":"Restaurant pizzeria \u00e0 Foug\u00e8res","potentialAction":[{"@type":"SearchAction","target":{"@type":"EntryPoint","urlTemplate":"https:\/\/www.le-capri.fr\/?s={search_term_string}"},"query-input":{"@type":"PropertyValueSpecification","valueRequired":true,"valueName":"search_term_string"}}],"inLanguage":"fr-FR"}]}},"jetpack_sharing_enabled":true,"_links":{"self":[{"href":"https:\/\/www.le-capri.fr\/index.php?rest_route=\/wp\/v2\/pages\/76","targetHints":{"allow":["GET"]}}],"collection":[{"href":"https:\/\/www.le-capri.fr\/index.php?rest_route=\/wp\/v2\/pages"}],"about":[{"href":"https:\/\/www.le-capri.fr\/index.php?rest_route=\/wp\/v2\/types\/page"}],"author":[{"embeddable":true,"href":"https:\/\/www.le-capri.fr\/index.php?rest_route=\/wp\/v2\/users\/2"}],"replies":[{"embeddable":true,"href":"https:\/\/www.le-capri.fr\/index.php?rest_route=%2Fwp%2Fv2%2Fcomments&post=76"}],"version-history":[{"count":9,"href":"https:\/\/www.le-capri.fr\/index.php?rest_route=\/wp\/v2\/pages\/76\/revisions"}],"predecessor-version":[{"id":224,"href":"https:\/\/www.le-capri.fr\/index.php?rest_route=\/wp\/v2\/pages\/76\/revisions\/224"}],"wp:attachment":[{"href":"https:\/\/www.le-capri.fr\/index.php?rest_route=%2Fwp%2Fv2%2Fmedia&parent=76"}],"curies":[{"name":"wp","href":"https:\/\/api.w.org\/{rel}","templated":true}]}}